What is the units digit of 5488/9 + 3*2/27?
0
Suppose 49 = k + 4*a, 0*a - 55 = -k - 2*a. Let f = -21 + 19. Let g = f + k. What is the units digit of g?
9
Suppose 83554 = 33*f - 7394. What is the thousands digit of f?
2
Let r(u) = -9*u**3 - 2*u + 1. Suppose -2*i + 4*o + 10 = 0, -1 = 2*i - o - 5. Let m be r(i). Let a = 23 + m. What is the tens digit of a?
1
Let z = -433 - -837. What is the tens digit of z?
0
Let k(b) = 1. Let l(r) = -2*r - 3. Let m(g) = 2*k(g) - l(g). Let o be m(-14). Let y = o + 30. What is the units digit of y?
7
Let d(v) = v + 6. Let f be d(-12). Let w = f - -41. What is the units digit of w?
5
Let b(r) = -r**2 + 10*r + 20. Let d be b(11). Suppose 13*o = d*o + 212. What is the tens digit of o?
5
Suppose 12 = t + 2*t. Let n be 3/(-9)*-45 - -5. Suppose 2*q + n = t*q. What is the units digit of q?
0
What is the hundreds digit of 0 + 4/(-16) + (-2129)/(-4)?
5
Let a = 2075 + -345. What is the thousands digit of a?
1
Let f = 34 - 22. Let g = f + -8. Suppose -g*o = -q - 95, -2*q = -11 + 1. What is the tens digit of o?
2
Suppose 5*g + 10 = 0, -3*m - m + 1262 = 5*g. What is the tens digit of m?
1
Let y(n) = n**3 + 13*n**2 + 25*n + 7. Let p be y(-6). Let x be (5/(-2))/((-1)/2). Suppose -4*c + x*l - 22 = -149, -l + p = 4*c. What is the units digit of c?
8
Let i = 34 - 34. Suppose 85 = 5*w - o, 4*o - 2*o = i. What is the units digit of w?
7
Let d be 6/(-33) - (-31)/(-11). What is the tens digit of (24612/16)/7 - d/(-4)?
1
Suppose 0*u = 6*u - 12. What is the hundreds digit of (1/u)/(19/5016)?
1
Suppose -4*g = -r - 5 + 27, 0 = 2*r - 4*g - 24. Suppose -r*c = 0, 0 = 3*w + 2*c + 3*c - 153. What is the tens digit of w?
5
Suppose 5*n + 51 = -2*m, 8*m + 60 = -5*n + 3*m. What is the tens digit of 314/4*12/(-54)*n?
5
Let b = -26 - -50. Let x = b + 202. What is the units digit of x?
6
Let r(g) = -g**2 + 8*g + 3. Let f be r(8). Suppose 3*z + 6 = 2*n - f, -4*n + 12 = 0. What is the units digit of 145/4 + z/4?
6
Let o = -31 + 33. Let z = 28 - o. What is the tens digit of z?
2
Suppose 0 = 2*k + k - 3. Let h be (4 - k)*5 + -3. What is the units digit of (h - -2) + (-2)/(-1)?
6
Suppose 3*p = 4 + 2. Let j be (-1 - (-5)/1)*p. Suppose 0 = m - j. What is the units digit of m?
8
Let x = 228 - -122. Suppose 3*d + 3*l - x = 5*l, -d - 5*l + 94 = 0. What is the tens digit of d?
1
Suppose -4*k - 72 = -240. Suppose 0 = 3*w + 3 + k. What is the units digit of (106/(-3))/(10/w)?
3
Suppose -15*r + 17159 = -41581. What is the thousands digit of r?
3
Let p(n) = 10*n + 2985. What is the thousands digit of p(0)?
2
Suppose 3*x = -2*x + 25. Suppose -3 - 7 = -x*u. Suppose u*l + 3*l - 45 = 0. What is the units digit of l?
9
Suppose 0 = -2*g + 5*y + 535 + 328, -2*y = 5*g - 2201. What is the tens digit of g?
3
Let x(m) = m**2 - 3*m - 7. Let i be x(5). Let y be (i/2)/(12/(-80)). What is the units digit of y/4*(5 - 11)?
5
Let d be (1 + (2 - 3))/2. Suppose 4*k + k + 4*c - 324 = 0, -4*k - 2*c + 258 = d. Suppose 5*f - 126 - k = 0. What is the tens digit of f?
3
Suppose 5*b - 5*j - 600 = 0, 5*b - 5*j = -2*j + 594. What is the hundreds digit of b?
1
What is the units digit of 16005/198 - 10/12?
0
Suppose 10 = -7*g + 5*g. What is the units digit of 175 + (-5 - 20/g)?
4
Suppose -5*p + 1459 = 234. What is the hundreds digit of p?
2
Let u = 1357 + -804. What is the tens digit of u?
5
Let j(q) = 12*q**2 - 2*q - 359. What is the units digit of j(18)?
3
Suppose -5*b - c = -318, 3*b + 3*c - 41 = 157. What is the tens digit of 183 - (76/(-18) + 14/b)?
8
Let s = 540 - 378. Let f = -85 + s. What is the units digit of f?
7
Suppose 5*f + 45 = -3*t + 6*t, -t = 5*f + 5. Let s = 16 - t. Let a(x) = 2*x + 11. What is the tens digit of a(s)?
2
Suppose 17*a + 29*a - 27876 = 0. What is the tens digit of a?
0
Suppose -z = -4*z + 75. Let c = z + -24. What is the units digit of c?
1
Suppose -5*h + 1582 = -1323. Suppose -370 = -2*r - 5*o, o = 3*r + 2*o - h. What is the tens digit of r?
9
Suppose 1657 = 33*z - 4349. What is the tens digit of z?
8
Let h(s) = s**2 - s - 1. Let b be h(-1). Suppose b + 9 = 5*v. What is the units digit of v?
2
Let p be 45/(-27)*111/(-1). Suppose -h - 30 = -p. What is the tens digit of h?
5
Suppose -1810 = -5*c - 2*i, 4*c - i = -2*i + 1445. Suppose -3*b + c = 2*b. Suppose 0 = -2*j + 2*z + b, -2 = -z - z. What is the units digit of j?
7
Suppose 8*z = 3*z + 2485. Suppose 9*g = 2*g + z. What is the tens digit of g?
7
Let f(m) = m**3 + 7*m**2 - 2*m. Let u be f(-7). Let i = u + -12. Let b(v) = 2*v**3 - 3*v**2 + 3*v - 3. What is the units digit of b(i)?
7
Let f(p) = -42*p**2 + 84*p**2 - 41*p**2 + 10. Let x be f(0). Let t = 14 - x. What is the units digit of t?
4
Suppose 487 = 8*z - 881. What is the units digit of z?
1
Let s(c) = -198*c + 9. Let i be s(2). Let y = -245 - i. What is the hundreds digit of y?
1
Let u(z) = z**3 + 10*z**2 - 10*z + 15. Let b be u(-11). Suppose 3 - 7 = b*m, w + m - 135 = 0. What is the units digit of w?
6
Let j be 23/5 + (-8)/(-20). Let c = -6 + 6. Suppose 46 = 3*b - j*t, 5*t + 58 = -c*b + 4*b. What is the tens digit of b?
1
Let j = 0 - -2. Suppose h + 4*s = 12, -j*h - 5*s + 15 = 3*h. Suppose h = n + 1 - 21. What is the units digit of n?
0
Let t(f) = -4*f**2 - 5*f - 7. Let i be t(-5). Suppose 12*v + 250 = -302. Let o = v - i. What is the tens digit of o?
3
Let g(c) = 16*c**3 - 36*c**2 - 19*c - 50. Let w(i) = -3*i**3 + 7*i**2 + 4*i + 10. Let a(p) = -2*g(p) - 11*w(p). What is the units digit of a(7)?
6
Let f = 533 + -312. What is the tens digit of f?
2
Let j(w) = -w**2 - 8*w + 21. Let f be j(-11). Let c(h) = h - 6. Let i be c(f). What is the units digit of ((-6)/i)/((-2)/(-36))?
6
Let w(o) = -o + 14. Let r be w(-6). What is the tens digit of r*(4 + (-5)/2)?
3
Let a = -290 - -289. Suppose -4*o - 6 = -7*o. What is the units digit of (0 + a)/(o/(-12))?
6
Let d(x) = x**2 + 7*x + 7. Let t be d(-2). What is the hundreds digit of (474/(-9) - 6/(-2))*t?
1
Let c = -3 - -6. Suppose 60 = c*i - 84. Let d = 76 - i. What is the units digit of d?
8
Let l = -6 - -10. Let j(d) = d. Let o be j(l). Suppose -5*t - o = -4*h, 2*h - h + 2*t - 14 = 0. What is the units digit of h?
6
Suppose -3*d - 5*r = -700, -d = -19*r + 23*r - 224. What is the tens digit of d?
4
Suppose -5*m - 420 = -0*m. Let u = -60 - m. Let i = -9 + u. What is the units digit of i?
5
Let y(m) = 3*m - 10. Let i be y(6). What is the units digit of 4/i*-2 + 110 + 1?
0
Let l(b) = -b + 1. Let t be l(11). Suppose 0*v = -5*v - 35. Let k = v - t. What is the units digit of k?
3
Let t be ((-5)/(-10))/((-3)/(-12)). Suppose -210 = t*u - 7*u. What is the tens digit of u?
4
Let p(h) = -h**3 + 15*h**2 - 27*h + 16. What is the units digit of p(13)?
3
Suppose 0 = -2*m - 3*m. Let y = m - -6. What is the units digit of 1*2 - (6 - y)?
2
Suppose 3*y - 6 = 2*a + 5*y, 9 = 2*a - 3*y. Suppose 0 = -a*o - 2*o + 78. Suppose 5*f - 31 = o. What is the tens digit of f?
1
Let y = 469 - -527. What is the units digit of y?
6
Let p be (3/2)/(-1)*8/6. What is the hundreds digit of (848/24)/(p/(-6))?
1
Let m = 146 - 149. Let b = 9 - 29. Let g = m - b. What is the units digit of g?
7
Let k(d) = d**2 + 3*d - 164. What is the tens digit of k(-16)?
4
Suppose -9 - 1 = 5*f. What is the units digit of (f - -2)*1 + 77?
7
Let n be (-4)/18 + 202*1/18. Let o = 59 + n. What is the units digit of o?
0
Let j(w) = w**3 + 4*w**2 - 12*w - 13. Let c be j(-8). Let i be c/(-3) + 1/3. Suppose 4*v = o + 138, 3*o - i = -2*v + 4. What is the units digit of v?
4
Let r(b) = 42*b**2 - 26 - 40*b**2 + 10*b - 14*b. What is the hundreds digit of r(11)?
1
Suppose 29*s - 28*s + 161 = 2*g, 2*g - 143 = -5*s. What is the units digit of g?
9
Let c be -3 - ((-6)/15*-5 + -9). Let j(n) = 9*n**2 + 3*n + 1. What is the units digit of j(c)?
7
Let u = 250 - 171. What is the tens digit of u?
7
Suppose 14*t = 47 + 12875. What is the tens digit of t?
2
Let n(i) = -i**3 + 12*i**2 - 19*i - 5. Let p be n(8). Suppose 0 = -2*j - 4*m + 178, -2*j - p = -3*j - 4*m. What is the units digit of j?
9
Let i = -4 + -7. Let k be (i - -14)/((-6)/(-4)). Suppose -2*v - 20 = -2*x, 3*x - k*x - 12 = 3*v. What is the units digit of x?
9
Let d(l) = -l**2 - 7*l - 16. Let b be d(-3). What is the tens digit of 262/8 - b/16?
3
Suppose 2*c - 22 = -4*g, 9*c - 4*c = -5*g + 45. Let b(k) = k**3 + 25*k**2 - 32*k - 4. Let y be 